der when (6/4)/(((-66)/468)/(-11)) is divided by 63.
54
Let i = 9 - 0. Suppose i*q = 7*q. Suppose q = 6*m - m - 2*w - 278, 2*m - 4*w - 124 = 0. What is the remainder when m is divided by 19?
16
Let s = 882 + -849. Calculate the remainder when 38 is divided by s.
5
Calculate the remainder when 251 is divided by (0 + 42/(-35))*-55.
53
Let j = -5 - -28. Calculate the remainder when 59 is divided by j.
13
Let g = 1 - 1. Let s = 108 + -105. Suppose 5*y = s*x - 0*x + 214, 4*y - x - 174 = g. Calculate the remainder when y is divided by 15.
14
Let s(u) = 2*u**2 - 2*u + 2. Calculate the remainder when s(2) is divided by 85/850 - ((-39)/10 - 0).
2
Let c be (-3)/2 - (-525)/10. Suppose 5*v - 94 = c. Let b = -27 + 83. What is the remainder when b is divided by v?
27
Let i(p) = -10*p**3 - 3*p**2 + 1. Calculate the remainder when 137 is divided by i(-2).
68
Let t = -61 + -20. Let j(x) = 116*x**2 + 2*x + 1. Let v be j(-1). Let y = v + t. Calculate the remainder when y is divided by 12.
10
Suppose -6*d - 29 = -101. Suppose -11*o + d = -384. Let v = -42 + 111. Calculate the remainder when v is divided by o.
33
Let k be 2/(-9) - (-4)/18. Let i(w) = -8 - w**3 - 4*w**2 + 3*w**2 + 53 - w + 0*w**2. What is the remainder when i(k) is divided by 12?
9
Calculate the remainder when -23*(-2)/2 + 2 is divided by 6.
1
Let v = 10 - 7. Suppose v*f - 30 = 36. Suppose 3*w = -n - 0*n + 6, n - w = f. Calculate the remainder when 71 is divided by n.
17
Let b(j) = -13*j - 16. Calculate the remainder when 186 is divided by b(-4).
6
Suppose 7*w - 64 = k, -4*w - 3*k = -7*w + 30. What is the remainder when w is divided by 5?
4
Let g(u) = u**2 - 8*u - 5. Calculate the remainder when g(10) is divided by 7.
1
Let q(a) = 41*a - 470. Let t(z) = -z**3 + 7*z**2 + 6*z - 1. Calculate the remainder when t(7) is divided by q(12).
19
Let b be 0 + 41*(2 + -1). What is the remainder when (b - 2)*1/3 is divided by (-12)/(-18) + 26/6?
3
Suppose 0 = 4*k - 3*x - 441, 12*x - 107 = -k + 16*x. Calculate the remainder when k is divided by 31.
18
Let b = -22 + 24. Let f(n) = -n**2 + 7*n - 4. Calculate the remainder when ((b - -2) + 18)*1 is divided by f(5).
4
Suppose 0 = 4*k + 5*d + 8, 2*d = k - 3*d - 23. Suppose 0 = -k*j - 14 + 71. What is the remainder when 53 is divided by j?
15
What is the remainder when ((-4)/14)/(43/(-20167)) is divided by 36?
26
Let g(x) = -3*x - 2. What is the remainder when g(-3) is divided by 10 - (23 - 12) - 9/(-3)?
1
Suppose -5*y = -c - 63, -c + 36 = 4*y + 3*c. Suppose 0 = 5*h + y - 67. What is the remainder when (-7)/(((-3)/(-9))/(-1)) is divided by h?
10
Suppose -9 = 3*g, -g + 5*g + 28 = 4*y. Suppose 52 + 80 = y*o. Calculate the remainder when o is divided by 17.
16
Suppose -3*k + 785 = d, 2*k + 1578 = -2*d + 4*d. Calculate the remainder when d is divided by 15.
8
Suppose 0 = 2*r - 5*q - 20, -r - r - 5*q = 20. Suppose 3*j - 4*j + 92 = r. What is the remainder when j is divided by 16?
12
Let f be ((0 - 0)/(0 + 1))/1. Suppose 8*k - k - 35 = f. What is the remainder when 9 is divided by k?
4
Calculate the remainder when 169 is divided by (6808/(-814))/((-2)/11).
31
Calculate the remainder when (-333)/(-6) + -1 + 6/4 is divided by 15.
11
Calculate the remainder when 259 is divided by (-18)/45 + (-24)/(-10) - -50.
51
Let a(p) = p**2 + 10*p + 3. Let b be a(-10). Suppose -i - 18 = -b*l, -i = l + 3*l - 24. What is the remainder when l is divided by 3?
0
Let z(g) be the first derivative of g**4/4 - 2*g**3 + 9*g**2/2 - 9*g + 5. Let p be z(6). Let s = p + -30. What is the remainder when s is divided by 8?
7
Calculate the remainder when 8 is divided by (-258)/(-33) + (-38)/(-209).
0
Suppose 1 = -7*h + 29. Let d(z) = 15*z + 23. Calculate the remainder when d(h) is divided by 17.
15
Let l be 81/4 + (-30)/(-40). Let d = -10 + l. Let q(g) = -g + 2. What is the remainder when d is divided by q(-5)?
4
Let c(y) be the first derivative of -y**3/3 - 5*y**2 - 6*y + 1. Let x be c(-9). What is the remainder when 10 is divided by (1/3)/(x/54)?
4
Let s(v) = 7*v - 54. What is the remainder when s(11) is divided by 15?
8
Suppose -d = -g + 137, -554 = -0*g - 4*g + d. Calculate the remainder when g is divided by 12.
7
Let m(z) = 6*z. Let w be m(-1). Suppose c - 5 - 38 = 0. Let f = c + w. What is the remainder when f is divided by 19?
18
Suppose -2*w = -5*i - 72 + 311, -2*w - 5*i - 289 = 0. Let t be 68/18 - (-4)/18. What is the remainder when t/(-10) - w/5 is divided by 14?
12
Let i be 2/((-2)/(-10) - 0). Let f be (29/4 + -4)*4 - 3. Suppose -f = 2*s, -2*c + 4*c + 4*s = i. Calculate the remainder when c is divided by 6.
3
Let b = -20 - -41. Let x = -20 + b. Calculate the remainder when 24 is divided by (-2)/(x/((-5)/2)).
4
Suppose 2 = y - 2. Suppose 2*p + y*o - 58 = 108, 5*p + 3*o = 387. Calculate the remainder when p is divided by 19.
18
Let l(i) = i**2 + 9*i + 46. Suppose -3*d + 155 = -2*d. Calculate the remainder when d is divided by l(-5).
25
Suppose 3*f - 7*f + 76 = 2*y, 5*f + 20 = 0. Let u = 21 + -12. Suppose -u*o + 5*o = -64. Calculate the remainder when y is divided by o.
14
Let o be -1*(4/(-2) + 0). Suppose 5 - 7 = o*i. What is the remainder when 63 is divided by (-4)/(i + (-6)/(-8))?
15
Suppose -3*l + l - 5*k = -83, 2*l = -k + 71. Calculate the remainder when 114 is divided by l.
12
Calculate the remainder when (72/144)/((-2)/(-468)) is divided by 15.
12
Let n = 71 - 58. What is the remainder when 74 is divided by n?
9
Suppose -165 = -8*y + 5*y + 2*g, -2*y + 2*g = -108. What is the remainder when y is divided by 15?
12
Let d = 23 + -18. Calculate the remainder when 484/55 + 1/d is divided by 7.
2
Let q = -4 + 3. Let c(f) = 7 - 3*f - 17*f**3 + 3*f + 2*f**2 - 8. Calculate the remainder when c(q) is divided by 7.
4
Let t be (-198)/(-4) + 3/(-2). Suppose -t + 12 = -d. Let p = d + -23. Calculate the remainder when 62 is divided by p.
10
Let z = -2 + -1. Let a(g) = -g**3 - 4*g**2 - 5*g - 2. Let b be a(z). What is the remainder when (12/b + -2)*31 is divided by 11?
9
Suppose 0 = 5*m - o - 20, 0 = 3*o - 2*o + 5. Let h(t) = m*t - 6 - t + 0*t. Calculate the remainder when h(8) is divided by 7.
3
Let j = 10 + 58. Let b = j + -22. Let h(f) = -5*f**2 - 128*f - 62. Calculate the remainder when b is divided by h(-25).
7
Suppose 0 = -4*i + 5*g - 32 + 7, 3*g - 15 = 2*i. Calculate the remainder when 91 is divided by 1 + 24 + -2 - (0 - i).
22
Suppose 0 = 4*w - 4*f - 44, 0*f = 2*f. Calculate the remainder when 20 is divided by w.
9
Suppose 0 = -5*s - 3*v + 671, -2*s - 2*v + 268 = -v. Calculate the remainder when 278 is divided by s.
12
Suppose s + 3*s - 3*o + 300 = 0, -3*o - 12 = 0. Let r = s + 162. Calculate the remainder when r is divided by 44.
40
Let o(j) = 45*j - 512. Calculate the remainder when o(58) is divided by 12.
10
Let z = -133 - -143. Let k(s) = 16*s**2 + 4*s + 3. What is the remainder when k(-2) is divided by z?
9
Let x(m) = m**2 + m + 30. Let f be x(9). Let d = -114 + f. What is the remainder when 28 is divided by d?
4
What is the remainder when 37 is divided by (1/(-9) + 77/126)*38?
18
Let d(k) = -k**3 - 15*k**2 - 15*k - 17. What is the remainder when d(-15) is divided by 20?
8
Suppose 36 = -0*w + 2*w. Suppose 12 = -2*k - 2*k, i = -3*k - 1. Let r = 12 - i. Calculate the remainder when w is divided by r.
2
What is the remainder when (2850/20)/(6/12) is divided by 32?
29
Calculate the remainder when 323 is divided by 499/6 - (-2)/(-12).
74
Suppose -6*l = -l. Suppose 4*j = 2*o - 16, l*j + j + o + 10 = 0. Calculate the remainder when (-113)/j - 3/(-18) is divided by 5.
4
Suppose m - 37 = -0*m. Suppose -5*g + 14 = 4. Suppose -4*j = -8, f - g = 5*j + 2. Calculate the remainder when m is divided by f.
9
Suppose -3*h = d - 181, 2*h + 752 = -d + 5*d. Suppose 8 = 5*y - d. What is the remainder when y is divided by 10?
9
Calculate the remainder when 13/((-104)/(-14240))*3/5 is divided by 17.
14
Let d be (8/4)/(1 + 0). Suppose -2*a + 83 = u, -a + 0*a - d*u + 37 = 0. Let p(y) = -y**2 - 61*y - 709. What is the remainder when a is divided by p(-16)?
10
Let i be ((-4)/6)/(18/(-81)). Suppose -2*o = -51 - i. Calculate the remainder when 80 is divided by o.
26
Let h be 78/12 + (-6)/4. Suppose b = -h*o + 377, 0 = -3*o - 3*b - 32 + 263. Suppose 7*y - 16 = o. Calculate the remainder when y is divided by 5.
3
Let p = -